-6*d + 7. Let o be a(1). Let s be ((-490)/(-28))/(o/2). What is the remainder when (-76)/(14/s + 14/(-10)) is divided by 21?
13
Calculate the remainder when 654 is divided by -3*(11 - 7) - -160.
62
Suppose 2*k - 18*k = -80. Suppose k*v = -h + v + 89, h + 2*v - 83 = 0. Calculate the remainder when h is divided by 9.
5
Suppose -38*j + 4*o + 520 = -34*j, 0 = -o - 2. Calculate the remainder when 66832/j + 1/(-8) is divided by 25.
22
Let t = 196 + -43. Let w = 158 - t. Calculate the remainder when 10 + -2 + 2*2 is divided by w.
2
Suppose -504*y + 509*y - 2540 = 0. Calculate the remainder when y is divided by 10.
8
Suppose 74*y - 56*y - 219 = -39. What is the remainder when 557 is divided by y?
7
Let w = 2994 + -2938. What is the remainder when w is divided by 7?
0
Suppose 0 = -4*a + 2*k + 42, 4*k - 12 = -3*a + 36. Suppose 0 = 4*c + a, 5*w - 6 - 229 = -5*c. What is the remainder when w is divided by 18?
14
Let g(b) = -2*b**3 - 3*b**2 - 5*b - 21. Suppose 72*w - 75*w = 9. Calculate the remainder when g(w) is divided by 5.
1
Suppose 0 = 2*j - 0*j - 110. Suppose 0 = 5*h + x - 28, -2*h + 2*x = x - 14. Suppose h*c = c + 70. Calculate the remainder when j is divided by c.
13
Let k(t) = -255*t**2 - 14*t - 15. Let c be k(-1). Let r = c + 263. Calculate the remainder when 277 is divided by r.
4
Calculate the remainder when 1380 - -12*(7/14 + (-4 - -3)) is divided by 41.
21
Let n = -1755 - -1764. What is the remainder when 503 is divided by n?
8
Suppose -5*c = -4*g + 2, 3*g + 21 = 3*c + 8*g. Let a be c/(-12) - (-1281)/18. Let n = a + -62. Calculate the remainder when 44 is divided by n.
8
Calculate the remainder when 78 is divided by (210/(-140))/((-1)/36).
24
Let c = -11 - -347. Calculate the remainder when c is divided by 97.
45
Let t(g) be the second derivative of g**5/20 - 23*g**4/12 + 13*g**2/2 - 8*g - 6. What is the remainder when 101 is divided by t(23)?
10
Let d = 3492 - 3244. Calculate the remainder when d is divided by 51.
44
Suppose 0 = 6*d - 59 - 145. Suppose j = 5, 4*j + d = l + 13. Let q(a) = -2*a**3 - 5*a**2 - 4*a. Calculate the remainder when l is divided by q(-3).
20
Let w(g) = -g**2 + 6*g + 64. Suppose -14*q + 1587 = 9*q. Calculate the remainder when q is divided by w(11).
6
Let m(y) = -36*y - 10. Let p be 18/(-30) + 1074/(-10). Let s = 105 + p. What is the remainder when m(s) is divided by 51?
47
Let i(t) be the second derivative of 2*t**3/3 - 43*t**2/2 + 36*t. Let p be i(12). Let r = p - -3. Calculate the remainder when 69 is divided by r.
5
Suppose -2*a + 112 = 4*k, -k + 52 = a - 9. What is the remainder when 368 is divided by a?
38
Let u(y) be the second derivative of 5*y**4/12 - 11*y**3/6 - 85*y**2/2 + 75*y. What is the remainder when u(-5) is divided by 14?
11
Suppose 2*k = 3*t + 13, 135*k + 20 = 140*k + 5*t. Calculate the remainder when 232 is divided by k.
2
What is the remainder when 2/27*1 + (-28753)/(-27) is divided by 6?
3
Let y be 1/(-2)*(52 - 2). Calculate the remainder when (y/2 + -2)*-2 + 2 is divided by 8.
7
Suppose -52835 = 66*p - 208197 - 42242. Calculate the remainder when p is divided by 9.
6
Let o be ((-26)/104)/((-1)/52 + 0). Suppose o = 3*a - 11. Suppose 3*n + 2*l - 27 = -a, 0 = -2*n + 5*l + 38. What is the remainder when 22 is divided by n?
4
Let n(j) = 3*j - 7. Calculate the remainder when (4 + 2 - 5)*-113*-2 is divided by n(15).
36
Let n(k) = -24*k + 323. What is the remainder when 403 is divided by n(13)?
7
Let b be ((-40)/(-24))/((-2)/(-12)). Suppose b = 4*z + c + 2, 2*c = -8. Suppose z*t = t + 110. Calculate the remainder when t is divided by 8.
7
Suppose 15 = -9*p - 3. What is the remainder when -6 + p - (-327 + 44) is divided by 56?
51
Let u(r) = 12726*r**2 + 20*r - 22. What is the remainder when u(1) is divided by 86?
82
Let r(w) = 317*w**2 + 9*w + 7. Let q be r(-1). Suppose -34*v + 41*v - q = 0. What is the remainder when v is divided by 34?
11
Let o be -10 + (-5 - -11 - -1). Calculate the remainder when 34 is divided by (o/(-1) - (3 + 1))*-5.
4
Suppose -9*r + 14*r - 1320 = 0. Suppose 5*u - r = 241. What is the remainder when u is divided by 3/(3/32) - 3 - -5?
33
Let c = 427 - 420. Suppose 41*i - 195 = 36*i. Calculate the remainder when i is divided by c.
4
Suppose 2*m = 385 - 325. Suppose m + 62 = 4*r. What is the remainder when r is divided by 9?
5
Suppose -b = 2*t - 9, -11 = -3*t - b + 2*b. Let g(x) = -x**3 + 6*x**2 - 2*x. Calculate the remainder when 177/4 - 2/8 is divided by g(t).
20
Let n(t) = 15*t**2 + 81*t + 813. What is the remainder when n(-13) is divided by 177?
171
What is the remainder when 124 is divided by (-22)/(45 + -23)*(3 - (1 - -118))?
8
Let z(b) = -14*b + 117. Let v(o) = -2*o + 2. Let a(i) = 3*v(i) - z(i). What is the remainder when a(21) is divided by -2*(-3 + 14/(-2))?
17
Let m(k) = -k**2 + 17*k + 9. Let j be m(17). What is the remainder when 153 is divided by -7 + j + (-45)/(-1)?
12
Suppose -194 = -y - 3*v, 7*y - 4*v = 6*y + 152. Calculate the remainder when y is divided by 12.
8
Suppose -42*d - 5852 = -118*d. Calculate the remainder when 253 is divided by d.
22
Let f = -1359 - -1420. Let j(k) = -k. Let r(u) = 4*u + 1. Let z(m) = 20*j(m) + 4*r(m). Calculate the remainder when f is divided by z(-3).
13
Let f(m) = -89*m + 329. Suppose 0*i = -2*i + 62. What is the remainder when f(2) is divided by i?
27
Let z(q) = 155*q. What is the remainder when z(1) is divided by 19 + 0 - ((-136)/(-8) + -27 - -3)?
25
Let w(k) be the third derivative of k**4/12 - 5*k**3/6 - 8*k**2. Let t be w(4). Let h(a) = 9*a**2 - 9*a - 1. What is the remainder when h(t) is divided by 14?
11
Suppose j - 70 = -4*j. Let n = -2779 + 2828. Calculate the remainder when n is divided by j.
7
Suppose 4*u = 2*u - 3*t + 42, 2*t - 44 = -2*u. Let i = -23 - -115. Suppose 3*j - 111 = y + i, 5*j - y - 339 = 0. Calculate the remainder when j is divided by u.
20
Let g = 11689 - 11617. What is the remainder when 7918 is divided by g?
70
Let p be (2/7)/((-37)/(-259)). What is the remainder when p - (-6 - 72)*1 is divided by 9?
8
Suppose -29*s + 149 + 83 = 0. Let q = s - -59. What is the remainder when 265 is divided by q?
64
Suppose -d - 3*r = d - 463, 0 = 2*d - r - 475. Suppose -a = -5*v - 54, v = -5*a + 75 + 91. What is the remainder when d is divided by a?
32
Let d(u) = u**3 + 4*u**2 - 5*u - 7. Let v be d(-2). Suppose 0 = -v*q + 211 - 57. Calculate the remainder when 1/3 - (-194)/3 is divided by q.
9
Let b = 10 - 1. What is the remainder when -1*5*-2 - (-4 + 4 + -4) is divided by b?
5
Let d(i) be the third derivative of i**6/40 + i**5/15 - i**4/12 - i**3/2 - 3*i**2. Let k = 264 + -261. Calculate the remainder when d(k) is divided by 22.
20
Let o = -2033 - -2041. Suppose 3*r + 4*p + 0*p = -75, -4*r - p - 100 = 0. Let u = 4 - r. Calculate the remainder when u is divided by o.
5
Let b(c) = 185*c + 7803. Calculate the remainder when 4911 is divided by b(-42).
27
Let t = 561 + -484. Calculate the remainder when t is divided by 34.
9
Suppose -4624 = 729*f - 19933. Calculate the remainder when ((-212)/(-6))/(6/9) is divided by f.
11
Let b = 3230 - 2943. What is the remainder when 880 is divided by b?
19
Suppose -280*p = -14543 - 4777. Calculate the remainder when 222 is divided by p.
15
Suppose -18*m = -15*m - c - 181, 5*c - 193 = -3*m. Let d(i) = i**3 + 18*i**2 + 47*i - 7. Calculate the remainder when d(-9) is divided by m.
55
Suppose -3*n + 592 = 4*m, -2*n - 278 + 681 = m. Suppose -4*o - 2*o = -n. What is the remainder when 161 is divided by o?
25
What is the remainder when 5 + (-6 - (-32690)/7) is divided by 64?
61
Let y(n) = n**2 + 6*n - 10. Let t = 544 - 549. Calculate the remainder when y(7) is divided by t/2*(-176)/20.
15
Let i = -62 + 59. What is the remainder when 224 is divided by (-2)/7 - (i - (-2072)/(-49))?
44
Let b = 21447 - 20938. What is the remainder when b is divided by 205?
99
Suppose -3*o = o + 3*o. Suppose p - 25 + 23 = o. Suppose -p*t = -4*l - 66, l = 3*t - 3*l - 107. What is the remainder when t is divided by 31?
10
Suppose 0 = -23*f + 12*f + 6512. Let p = f + -540. What is the remainder when 203 is divided by p?
47
Suppose 34*s - 42264 + 32434 = 38348. What is the remainder when s is divided by 11?
9
Let d(g) = -19*g + 9. Let r be d(-1). Suppose -r*k = -38*k + 600. Calculate the remainder when 116 is divided by 